**3 - 3*n**2 - 21*n - 38. What is j(-2)?
0
Let p(w) = -131*w - 921. Determine p(-7).
-4
Let y(s) = 28*s + 676. What is y(-24)?
4
Let i(n) = n**2 - 9*n + 2. What is i(7)?
-12
Let n(w) = w**3 + 8*w**2 - 6*w - 84. Give n(-7).
7
Let c(x) = x + 20. Calculate c(-17).
3
Let f(s) = s**3 + 2*s + 6. What is f(-3)?
-27
Let d(r) = -2*r**2 - 10*r. What is d(-7)?
-28
Let h(t) = t**2 - 2*t - 3. Give h(2).
-3
Let a(i) = -3*i**2 + 20*i - 9. What is a(6)?
3
Let f(v) = -13*v - 92. Give f(-9).
25
Let v(j) = -j**2 - 7*j + 7. What is v(-6)?
13
Let q(m) = -m - 17. Determine q(22).
-39
Let w(c) = -3*c**3 - 2*c**2 + 7*c + 16. What is w(-3)?
58
Let p(g) = g + 19. Give p(0).
19
Let d(m) = 5*m + 8. Give d(0).
8
Let u(d) = -61*d**3 - 3*d**2 + 1. Calculate u(1).
-63
Let l(y) = -y**3 + 15*y**2 - 16*y + 15. Give l(14).
-13
Let c(p) = p + 9. Determine c(-7).
2
Let h(c) = c**3 - 20*c**2 - 26*c + 127. Give h(21).
22
Let m(a) = a**2 - 17*a + 52. Give m(5).
-8
Let s(b) = -b - 15. What is s(-5)?
-10
Let k(h) = -h**3 + 11*h**2 - 40*h + 44. Give k(4).
-4
Let p(d) = d**3 + d**2 - 13*d - 32. Give p(-4).
-28
Let s(n) = -n**3 + 6*n**2 + n + 7. Determine s(6).
13
Let x(z) = z**2 + 19*z + 82. What is x(-16)?
34
Let h(z) = -16*z - 73. What is h(-4)?
-9
Let r(q) = -3*q - 11. Give r(-3).
-2
Let r(y) = -2*y**2 + 7. Calculate r(5).
-43
Let y(n) = 46*n - 375. Determine y(8).
-7
Let o(z) = -z**2 - 5*z + 16. What is o(-7)?
2
Let j(y) = -5*y - 211. Calculate j(-37).
-26
Let i(y) = 3*y + 9. What is i(-4)?
-3
Let b(p) = -11*p - 3. Give b(2).
-25
Let r(u) = -10*u - 9. What is r(-5)?
41
Let z(a) = a**3 + 67*a**2 + 132*a + 129. Give z(-65).
-1
Let w(a) = a - 2. Calculate w(-2).
-4
Let g(f) = f**3 - 10*f**2 + 16*f - 10. Calculate g(7).
-45
Let p(m) = m**3 + 3*m - 14. What is p(0)?
-14
Let r(b) = 4*b - 12. Calculate r(-3).
-24
Let m(u) = -u - 10. Give m(-9).
-1
Let v(m) = m**3 + 7*m**2 - 8*m + 5. What is v(-8)?
5
Let o(j) = -6*j + 1. Determine o(7).
-41
Let o(s) = -2*s**3 + 19*s**2 - 13*s + 17. Calculate o(9).
-19
Let w(o) = -14*o**2 + o. What is w(-1)?
-15
Let f(n) = n**3 + 4*n - 7. Give f(0).
-7
Let t(z) = z**2 + 2*z - 13. Calculate t(-5).
2
Let l(v) = 8*v + 68. What is l(-9)?
-4
Let p(l) = -l**3 + 3*l**2 + 2*l + 10. Calculate p(4).
2
Let y(k) = 2*k**3 + 17*k**2 - 25*k + 46. Give y(-10).
-4
Let m(p) = 19*p + 8. What is m(-3)?
-49
Let b(l) = l - 3. What is b(2)?
-1
Let d(a) = a**3 - 14*a**2 - 35*a - 16. Give d(16).
-64
Let g(w) = 2*w**3 + w**2 - w - 3. Calculate g(2).
15
Let r(s) = 17*s + 3. What is r(1)?
20
Let k(d) = 2*d**3 + d**2 + d - 6. Determine k(0).
-6
Let o(n) = n**3 - 2*n**2 + 4. Give o(2).
4
Let h(g) = 20*g - 89. Calculate h(6).
31
Let v(q) = 5*q**2 + 1. Determine v(2).
21
Let z(w) = w**3 + 13*w**2 + 12*w + 6. What is z(-12)?
6
Let h(a) = -a**3 - 6*a**2 + 2*a - 5. What is h(-6)?
-17
Let f(h) = -3*h + 53. Calculate f(17).
2
Let l(f) = -f**3 + 10*f**2 + 13*f - 25. Give l(12).
-157
Let s(g) = -77*g - 12. Give s(-2).
142
Let m(v) = -v + 20. What is m(0)?
20
Let b(z) = -2*z + 4. Calculate b(2).
0
Let d(g) = g - 18. Determine d(16).
-2
Let c(v) = v**3 + 2*v**2 - 7*v - 1. What is c(2)?
1
Let u(h) = h**3 - 6*h**2 + 5*h + 3. Give u(4).
-9
Let g(z) = z**2 + 14*z - 40. Calculate g(-16).
-8
Let k(n) = -2*n + 15. Determine k(-5).
25
Let m(i) = i - 34. Give m(-16).
-50
Let i(l) = -l**2 + 6*l - 14. Give i(5).
-9
Let w(v) = -11*v**3 + 2*v**2. What is w(2)?
-80
Let i(b) = -b**2 - 11*b + 6. Calculate i(-10).
16
Let d(w) = w + 2. What is d(6)?
8
Let l(i) = i**2 - 6*i + 5. Give l(4).
-3
Let w(c) = -c**3 + c**2 - 2*c - 34. Give w(0).
-34
Let f(a) = -a**3 - 25*a**2 - 66*a + 19. Give f(-22).
19
Let t(v) = -12*v**2 - 2*v + 2. What is t(1)?
-12
Let c(t) = -8*t + 20. What is c(-6)?
68
Let a(r) = r**2 - 9*r + 9. Give a(6).
-9
Let o(w) = -w**2 + 11*w - 11. Give o(10).
-1
Let k(t) = t**3 + 25*t**2 - 25*t + 23. Calculate k(-26).
-3
Let o(a) = a**3 + 17*a**2 + 14*a - 29. Determine o(-16).
3
Let i(t) = -3*t**3 + 3*t - 3. Determine i(2).
-21
Let x(c) = -53*c - 427. What is x(-8)?
-3
Let z(x) = -x**2 - 1. Calculate z(1).
-2
Let b(c) = -c**2 - 18*c + 24. Determine b(-19).
5
Let i(o) = -2*o**3 + 7*o**2 + o + 5. Give i(4).
-7
Let o(d) = 2*d - 3. Give o(-6).
-15
Let i(s) = -s**2 + 4*s - 1. Calculate i(4).
-1
Let d(n) = 2*n**2 + 19*n + 35. Give d(-7).
0
Let r(v) = -v - 23. What is r(-17)?
-6
Let o(a) = a**3 - 18*a**2 - 18*a - 30. Calculate o(19).
-11
Let b(i) = -i**3 + 9*i**2 + 6*i + 34. Determine b(10).
-6
Let u(o) = o**3 + 8*o**2 + o + 15. Calculate u(-7).
57
Let h(d) = d**2 + 19*d + 38. Calculate h(-16).
-10
Let h(j) = 21*j**3 - 3*j**2 + 3. Calculate h(-1).
-21
Let o(a) = -5*a - 29. What is o(-7)?
6
Let q(j) = 19*j**3 + j**2 - j - 1. Determine q(-1).
-18
Let u(k) = 15*k. Give u(1).
15
Let b(z) = z + 12. Determine b(15).
27
Let i(g) = g**2 + 8*g + 17. Determine i(-10).
37
Let i(y) = y**3 - 5*y**2 - 6*y + 14. Give i(7).
70
Let r(a) = -a**2 + 22*a + 31. Determine r(24).
-17
Let j(y) = -y**3 - 8*y**2 - 11*y - 8. Give j(-6).
-14
Let i(p) = p**3 + 15*p**2 + 24*p - 11. Determine i(-13).
15
Let d(s) = -s**2 + 3*s - 33. Determine d(0).
-33
Let u(d) = 2*d + 11. What is u(6)?
23
Let b(i) = -3*i**2 + 9*i - 3. Give b(2).
3
Let k(g) = 20*g**2 + 33*g + 32. Calculate k(-1).
19
Let w(s) = s**2 + 4*s + 3. Determine w(-3).
0
Let z(u) = -4*u**3 - 5*u**2 + 2. Calculate z(-2).
14
Let p(b) = -2*b - 46. What is p(-26)?
6
Let n(h) = -2*h**3 + 83*h**2 - 40*h - 26. Determine n(41).
15
Let u(l) = 4*l**2 + 27*l + 14. Calculate u(-6).
-4
Let y(x) = -17*x + 138. Determine y(8).
2
Let q(v) = v**3 - 7*v**2 + 8*v + 17. Calculate q(5).
7
Let h(v) = v**2 + 12*v + 29. What is h(-4)?
-3
Let h(s) = s**2 - 110*s - 582. Determine h(-5).
-7
Let b(r) = -r**3 + 13*r**2 + 34*r - 42. Give b(15).
18
Let t(q) = -5*q + 29. What is t(7)?
-6
Let l(k) = -5*k**2 + 2*k - 4. Calculate l(-3).
-55
Let x(m) = -m**3 + 9*m**2 - 9*m + 5. Calculate x(8).
-3
Let r(i) = -i**2 + 3*i + 11. Give r(7).
-17
Let d(r) = -r**3 + 2*r**2 + 3*r + 3. What is d(3)?
3
Let o(l) = 3*l**2 + 3*l + 21. Determine o(-6).
111
Let r(l) = -5*l**2 - 14*l. Determine r(-3).
-3
Let a(h) = 8*h - 31. What is a(5)?
9
Let c(b) = 2*b**2 - 5*b + 2. What is c(3)?
5
Let u(z) = -2*z**3 - 33*z**2 - 18*z - 38. Calculate u(-16).
-6
Let j(i) = -i**2 - i + 8. Give j(0).
8
Let z(q) = -q**2 - 5*q + 9. Give z(-8).
-15
Let j(u) = -u**2 - 8*u + 10. Calculate j(-9).
1
Let f(x) = -53*x + 1168. Determine f(22).
2
Let d(u) = -20*u - 6. Calculate d(-1).
14
Let w(t) = t**2 + 9*t - 13. Calculate w(-14).
57
Let u(m) = -57*m + 173. Calculate u(3).
2
Let c(b) = -b**2 + 5*b - 5. Calculate c(7).
-19
Let k(a) = -12*a**2 - 3*a - 3. Calculate k(-2).
-45
Let t(p) = p**3 - 8*p**2 + 5*p + 8. Determine t(7).
-6
Let f(g) = g - 35. Determine f(-28).
-63
Let g(v) = -3*v + 6. Determine g(6).
-12
Let c(i) = -16*i**3 + 4*i**2 + 5*i + 1. Give c(-1).
16
Let o(g) = g**2 - 60*g + 125. What is o(2)?
9
Let f(k) = 6*k + 9. Calculate f(-4).
-15
Let m(t) = -4*t**2 + 8*t - 9. Give m(1).
-5
Let l(o) = 4*o - 1. Determine l(8).
31
Let j(u) = u**3 + 9*u**2 - 4*u - 28. Give j(-9).
8
Let x(a) = -2*a**2 - 26*a + 8. Give x(-13).
8
Let n(h) = 5*h**2 + 2*h + 5. Calculate n(-2).
21
Let l(z) = -2*z**2 - 7*z + 23. Determine l(-6).
-7
Let x(o) = -o**3 + 3*o**2 - 14*o + 45. What is x(3)?
3
Let v(j) = -j**2 + 18*j + 123. Give v(24).
-21
Let o(u) = u**3 + 28*u**2 + 18*u - 67. Calculate o(-27).
176
Let v(f) = 29*f**2 + f. Give v(-1).
28
Let m(o) = -o**3 + 5*o**2 - o + 4. What is m(3)?
19
Let h(t) = -11*t - 61. Determine h(-7).
16
Let k(d) = -d**2 - 20*d - 58. Determine k(-17).
-7
Let o(p) = 7*p - 124. Give o(18).
2
Let q(t) = -11*t + 15. Determine q(3).
-18
Let l(t) = t**3 + 5*t**2 + 2*t + 30. Calculate l(-5).
20
Let y(r) = -11*r + 1. Give y(1).
-10
Let d(x) = -x**3 - 3*x**2 + 95*x + 71. What is d(-11)?
-6
Let i(h) = 2*h**3 - 50*h**2 + 49*h - 17. Calculate i(24).
7
Let y(x) = -2*x**2 + 10*x - 29. Calculate y(4).
-21
Let f(q) = q**3 - 3*q**2 - 8*q + 1. Give f(5).
11
Let s(j) = 2*j**3 - 45*j**2 - 21*j - 29. What is s(23)?
17
Let z(d) = -d**3 - 12*d**2 - 12*d - 2. Calculate z(-11).
9
Let d(h) = -3*h - 15. Give d(-8).
9
Let p(h) = -h**2 + 4*h + 1. What is p(5)?
-4
Let b(y) = -y**3 + 24*y**2 + 25*y - 8. What is b(25)?
-8
Let c(d) = -d**3 + 4*d**2 - 3*d - 1. Give c(3).
-1
Let m(k) = -k**3 